{"id":5066,"date":"2022-08-23T08:43:03","date_gmt":"2022-08-23T13:43:03","guid":{"rendered":"https:\/\/marianistestg.org\/?page_id=5066"},"modified":"2022-08-23T09:48:57","modified_gmt":"2022-08-23T14:48:57","slug":"2022-2","status":"publish","type":"page","link":"https:\/\/marianistestg.org\/?page_id=5066","title":{"rendered":"2022"},"content":{"rendered":"\t\t<div data-elementor-type=\"wp-page\" data-elementor-id=\"5066\" class=\"elementor elementor-5066\">\n\t\t\t\t\t\t\t\t\t<section class=\"elementor-section elementor-top-section elementor-element elementor-element-aa62442 elementor-section-boxed elementor-section-height-default elementor-section-height-default\" data-id=\"aa62442\" data-element_type=\"section\">\n\t\t\t\t\t\t<div class=\"elementor-container elementor-column-gap-default\">\n\t\t\t\t\t<div class=\"elementor-column elementor-col-100 elementor-top-column elementor-element elementor-element-b0445d7\" data-id=\"b0445d7\" data-element_type=\"column\">\n\t\t\t<div class=\"elementor-widget-wrap elementor-element-populated\">\n\t\t\t\t\t\t\t\t<section class=\"elementor-section elementor-inner-section elementor-element elementor-element-c4b726b elementor-section-boxed elementor-section-height-default elementor-section-height-default\" data-id=\"c4b726b\" data-element_type=\"section\">\n\t\t\t\t\t\t<div class=\"elementor-container elementor-column-gap-default\">\n\t\t\t\t\t<div class=\"elementor-column elementor-col-50 elementor-inner-column elementor-element elementor-element-def0f06\" data-id=\"def0f06\" data-element_type=\"column\">\n\t\t\t<div class=\"elementor-widget-wrap elementor-element-populated\">\n\t\t\t\t\t\t\t\t<div class=\"elementor-element elementor-element-7612bc7 elementor-position-top elementor-widget elementor-widget-image-box\" data-id=\"7612bc7\" data-element_type=\"widget\" data-widget_type=\"image-box.default\">\n\t\t\t\t<div class=\"elementor-widget-container\">\n\t\t\t<div class=\"elementor-image-box-wrapper\"><figure class=\"elementor-image-box-img\"><a href=\"https:\/\/marianistestg.org\/?p=5125\" tabindex=\"-1\"><img width=\"414\" height=\"393\" src=\"https:\/\/marianistestg.org\/wp-content\/uploads\/2020\/06\/newspaper.jpg\" class=\"elementor-animation-grow attachment-full size-full wp-image-3269\" alt=\"\" loading=\"lazy\" srcset=\"https:\/\/marianistestg.org\/wp-content\/uploads\/2020\/06\/newspaper.jpg 414w, https:\/\/marianistestg.org\/wp-content\/uploads\/2020\/06\/newspaper-300x285.jpg 300w\" sizes=\"(max-width: 414px) 100vw, 414px\" \/><\/a><\/figure><div class=\"elementor-image-box-content\"><h3 class=\"elementor-image-box-title\"><a href=\"https:\/\/marianistestg.org\/?p=5125\">Bulletin 87 R\u00e9gion Togo<\/a><\/h3><\/div><\/div>\t\t<\/div>\n\t\t\t\t<\/div>\n\t\t\t\t\t<\/div>\n\t\t<\/div>\n\t\t\t\t<div class=\"elementor-column elementor-col-50 elementor-inner-column elementor-element elementor-element-94b2c07\" data-id=\"94b2c07\" data-element_type=\"column\">\n\t\t\t<div class=\"elementor-widget-wrap elementor-element-populated\">\n\t\t\t\t\t\t\t\t<div class=\"elementor-element elementor-element-1182b9a elementor-position-top elementor-widget elementor-widget-image-box\" data-id=\"1182b9a\" data-element_type=\"widget\" data-widget_type=\"image-box.default\">\n\t\t\t\t<div class=\"elementor-widget-container\">\n\t\t\t<div class=\"elementor-image-box-wrapper\"><figure class=\"elementor-image-box-img\"><a href=\"https:\/\/marianistestg.org\/?p=5119\" tabindex=\"-1\"><img width=\"414\" height=\"393\" src=\"https:\/\/marianistestg.org\/wp-content\/uploads\/2020\/06\/newspaper.jpg\" class=\"elementor-animation-grow attachment-full size-full wp-image-3269\" alt=\"\" loading=\"lazy\" srcset=\"https:\/\/marianistestg.org\/wp-content\/uploads\/2020\/06\/newspaper.jpg 414w, https:\/\/marianistestg.org\/wp-content\/uploads\/2020\/06\/newspaper-300x285.jpg 300w\" sizes=\"(max-width: 414px) 100vw, 414px\" \/><\/a><\/figure><div class=\"elementor-image-box-content\"><h3 class=\"elementor-image-box-title\"><a href=\"https:\/\/marianistestg.org\/?p=5119\">Bulletin 86 R\u00e9gion Togo<\/a><\/h3><\/div><\/div>\t\t<\/div>\n\t\t\t\t<\/div>\n\t\t\t\t\t<\/div>\n\t\t<\/div>\n\t\t\t\t\t\t\t<\/div>\n\t\t<\/section>\n\t\t\t\t\t<\/div>\n\t\t<\/div>\n\t\t\t\t\t\t\t<\/div>\n\t\t<\/section>\n\t\t\t\t<section class=\"elementor-section elementor-top-section elementor-element elementor-element-282039d elementor-section-boxed elementor-section-height-default elementor-section-height-default\" data-id=\"282039d\" data-element_type=\"section\">\n\t\t\t\t\t\t<div class=\"elementor-container elementor-column-gap-default\">\n\t\t\t\t\t<div class=\"elementor-column elementor-col-100 elementor-top-column elementor-element elementor-element-1a798a6\" data-id=\"1a798a6\" data-element_type=\"column\">\n\t\t\t<div class=\"elementor-widget-wrap elementor-element-populated\">\n\t\t\t\t\t\t\t\t<section class=\"elementor-section elementor-inner-section elementor-element elementor-element-df2e7db elementor-section-boxed elementor-section-height-default elementor-section-height-default\" data-id=\"df2e7db\" data-element_type=\"section\">\n\t\t\t\t\t\t<div class=\"elementor-container elementor-column-gap-default\">\n\t\t\t\t\t<div class=\"elementor-column elementor-col-50 elementor-inner-column elementor-element elementor-element-b695f2e\" data-id=\"b695f2e\" data-element_type=\"column\">\n\t\t\t<div class=\"elementor-widget-wrap elementor-element-populated\">\n\t\t\t\t\t\t\t\t<div class=\"elementor-element elementor-element-fc1d30b elementor-position-top elementor-widget elementor-widget-image-box\" data-id=\"fc1d30b\" data-element_type=\"widget\" data-widget_type=\"image-box.default\">\n\t\t\t\t<div class=\"elementor-widget-container\">\n\t\t\t<div class=\"elementor-image-box-wrapper\"><figure class=\"elementor-image-box-img\"><a href=\"https:\/\/marianistestg.org\/?p=5113\" tabindex=\"-1\"><img width=\"414\" height=\"393\" src=\"https:\/\/marianistestg.org\/wp-content\/uploads\/2020\/06\/newspaper.jpg\" class=\"elementor-animation-grow attachment-full size-full wp-image-3269\" alt=\"\" loading=\"lazy\" srcset=\"https:\/\/marianistestg.org\/wp-content\/uploads\/2020\/06\/newspaper.jpg 414w, https:\/\/marianistestg.org\/wp-content\/uploads\/2020\/06\/newspaper-300x285.jpg 300w\" sizes=\"(max-width: 414px) 100vw, 414px\" \/><\/a><\/figure><div class=\"elementor-image-box-content\"><h3 class=\"elementor-image-box-title\"><a href=\"https:\/\/marianistestg.org\/?p=5113\">Bulletin 85 R\u00e9gion Togo<\/a><\/h3><\/div><\/div>\t\t<\/div>\n\t\t\t\t<\/div>\n\t\t\t\t\t<\/div>\n\t\t<\/div>\n\t\t\t\t<div class=\"elementor-column elementor-col-50 elementor-inner-column elementor-element elementor-element-b04afb5\" data-id=\"b04afb5\" data-element_type=\"column\">\n\t\t\t<div class=\"elementor-widget-wrap elementor-element-populated\">\n\t\t\t\t\t\t\t\t<div class=\"elementor-element elementor-element-a303ce7 elementor-position-top elementor-widget elementor-widget-image-box\" data-id=\"a303ce7\" data-element_type=\"widget\" data-widget_type=\"image-box.default\">\n\t\t\t\t<div class=\"elementor-widget-container\">\n\t\t\t<div class=\"elementor-image-box-wrapper\"><figure class=\"elementor-image-box-img\"><a href=\"https:\/\/marianistestg.org\/?p=5106\" tabindex=\"-1\"><img width=\"414\" height=\"393\" src=\"https:\/\/marianistestg.org\/wp-content\/uploads\/2020\/06\/newspaper.jpg\" class=\"elementor-animation-grow attachment-full size-full wp-image-3269\" alt=\"\" loading=\"lazy\" srcset=\"https:\/\/marianistestg.org\/wp-content\/uploads\/2020\/06\/newspaper.jpg 414w, https:\/\/marianistestg.org\/wp-content\/uploads\/2020\/06\/newspaper-300x285.jpg 300w\" sizes=\"(max-width: 414px) 100vw, 414px\" \/><\/a><\/figure><div class=\"elementor-image-box-content\"><h3 class=\"elementor-image-box-title\"><a href=\"https:\/\/marianistestg.org\/?p=5106\">Bulletin 84 R\u00e9gion Togo<\/a><\/h3><\/div><\/div>\t\t<\/div>\n\t\t\t\t<\/div>\n\t\t\t\t\t<\/div>\n\t\t<\/div>\n\t\t\t\t\t\t\t<\/div>\n\t\t<\/section>\n\t\t\t\t\t<\/div>\n\t\t<\/div>\n\t\t\t\t\t\t\t<\/div>\n\t\t<\/section>\n\t\t\t\t<section class=\"elementor-section elementor-top-section elementor-element elementor-element-ffefa6f elementor-section-boxed elementor-section-height-default elementor-section-height-default\" data-id=\"ffefa6f\" data-element_type=\"section\">\n\t\t\t\t\t\t<div class=\"elementor-container elementor-column-gap-default\">\n\t\t\t\t\t<div class=\"elementor-column elementor-col-100 elementor-top-column elementor-element elementor-element-5b9b4ac\" data-id=\"5b9b4ac\" data-element_type=\"column\">\n\t\t\t<div class=\"elementor-widget-wrap elementor-element-populated\">\n\t\t\t\t\t\t\t\t<section class=\"elementor-section elementor-inner-section elementor-element elementor-element-0e13024 elementor-section-boxed elementor-section-height-default elementor-section-height-default\" data-id=\"0e13024\" data-element_type=\"section\">\n\t\t\t\t\t\t<div class=\"elementor-container elementor-column-gap-default\">\n\t\t\t\t\t<div class=\"elementor-column elementor-col-50 elementor-inner-column elementor-element elementor-element-1c949cc\" data-id=\"1c949cc\" data-element_type=\"column\">\n\t\t\t<div class=\"elementor-widget-wrap elementor-element-populated\">\n\t\t\t\t\t\t\t\t<div class=\"elementor-element elementor-element-09e1200 elementor-position-top elementor-widget elementor-widget-image-box\" data-id=\"09e1200\" data-element_type=\"widget\" data-widget_type=\"image-box.default\">\n\t\t\t\t<div class=\"elementor-widget-container\">\n\t\t\t<div class=\"elementor-image-box-wrapper\"><figure class=\"elementor-image-box-img\"><a href=\"https:\/\/marianistestg.org\/?p=5100\" tabindex=\"-1\"><img width=\"414\" height=\"393\" src=\"https:\/\/marianistestg.org\/wp-content\/uploads\/2020\/06\/newspaper.jpg\" class=\"elementor-animation-grow attachment-full size-full wp-image-3269\" alt=\"\" loading=\"lazy\" srcset=\"https:\/\/marianistestg.org\/wp-content\/uploads\/2020\/06\/newspaper.jpg 414w, https:\/\/marianistestg.org\/wp-content\/uploads\/2020\/06\/newspaper-300x285.jpg 300w\" sizes=\"(max-width: 414px) 100vw, 414px\" \/><\/a><\/figure><div class=\"elementor-image-box-content\"><h3 class=\"elementor-image-box-title\"><a href=\"https:\/\/marianistestg.org\/?p=5100\">Bulletin 83 R\u00e9gion Togo<\/a><\/h3><\/div><\/div>\t\t<\/div>\n\t\t\t\t<\/div>\n\t\t\t\t\t<\/div>\n\t\t<\/div>\n\t\t\t\t<div class=\"elementor-column elementor-col-50 elementor-inner-column elementor-element elementor-element-e2232fe\" data-id=\"e2232fe\" data-element_type=\"column\">\n\t\t\t<div class=\"elementor-widget-wrap elementor-element-populated\">\n\t\t\t\t\t\t\t\t<div class=\"elementor-element elementor-element-a0b57a9 elementor-position-top elementor-widget elementor-widget-image-box\" data-id=\"a0b57a9\" data-element_type=\"widget\" data-widget_type=\"image-box.default\">\n\t\t\t\t<div class=\"elementor-widget-container\">\n\t\t\t<div class=\"elementor-image-box-wrapper\"><figure class=\"elementor-image-box-img\"><a href=\"https:\/\/marianistestg.org\/?p=5095\" tabindex=\"-1\"><img width=\"414\" height=\"393\" src=\"https:\/\/marianistestg.org\/wp-content\/uploads\/2020\/06\/newspaper.jpg\" class=\"elementor-animation-grow attachment-full size-full wp-image-3269\" alt=\"\" loading=\"lazy\" srcset=\"https:\/\/marianistestg.org\/wp-content\/uploads\/2020\/06\/newspaper.jpg 414w, https:\/\/marianistestg.org\/wp-content\/uploads\/2020\/06\/newspaper-300x285.jpg 300w\" sizes=\"(max-width: 414px) 100vw, 414px\" \/><\/a><\/figure><div class=\"elementor-image-box-content\"><h3 class=\"elementor-image-box-title\"><a href=\"https:\/\/marianistestg.org\/?p=5095\">Bulletin 82 R\u00e9gion Togo<\/a><\/h3><\/div><\/div>\t\t<\/div>\n\t\t\t\t<\/div>\n\t\t\t\t\t<\/div>\n\t\t<\/div>\n\t\t\t\t\t\t\t<\/div>\n\t\t<\/section>\n\t\t\t\t\t<\/div>\n\t\t<\/div>\n\t\t\t\t\t\t\t<\/div>\n\t\t<\/section>\n\t\t\t\t<section class=\"elementor-section elementor-top-section elementor-element elementor-element-42cb1f2 elementor-section-boxed elementor-section-height-default elementor-section-height-default\" data-id=\"42cb1f2\" data-element_type=\"section\">\n\t\t\t\t\t\t<div class=\"elementor-container elementor-column-gap-default\">\n\t\t\t\t\t<div class=\"elementor-column elementor-col-100 elementor-top-column elementor-element elementor-element-acbee30\" data-id=\"acbee30\" data-element_type=\"column\">\n\t\t\t<div class=\"elementor-widget-wrap elementor-element-populated\">\n\t\t\t\t\t\t\t\t<section class=\"elementor-section elementor-inner-section elementor-element elementor-element-09275bb elementor-section-boxed elementor-section-height-default elementor-section-height-default\" data-id=\"09275bb\" data-element_type=\"section\">\n\t\t\t\t\t\t<div class=\"elementor-container elementor-column-gap-default\">\n\t\t\t\t\t<div class=\"elementor-column elementor-col-50 elementor-inner-column elementor-element elementor-element-53591c4\" data-id=\"53591c4\" data-element_type=\"column\">\n\t\t\t<div class=\"elementor-widget-wrap elementor-element-populated\">\n\t\t\t\t\t\t\t\t<div class=\"elementor-element elementor-element-294ca5a elementor-position-top elementor-widget elementor-widget-image-box\" data-id=\"294ca5a\" data-element_type=\"widget\" data-widget_type=\"image-box.default\">\n\t\t\t\t<div class=\"elementor-widget-container\">\n\t\t\t<div class=\"elementor-image-box-wrapper\"><figure class=\"elementor-image-box-img\"><a href=\"https:\/\/marianistestg.org\/?p=5089\" tabindex=\"-1\"><img width=\"414\" height=\"393\" src=\"https:\/\/marianistestg.org\/wp-content\/uploads\/2020\/06\/newspaper.jpg\" class=\"elementor-animation-grow attachment-full size-full wp-image-3269\" alt=\"\" loading=\"lazy\" srcset=\"https:\/\/marianistestg.org\/wp-content\/uploads\/2020\/06\/newspaper.jpg 414w, https:\/\/marianistestg.org\/wp-content\/uploads\/2020\/06\/newspaper-300x285.jpg 300w\" sizes=\"(max-width: 414px) 100vw, 414px\" \/><\/a><\/figure><div class=\"elementor-image-box-content\"><h3 class=\"elementor-image-box-title\"><a href=\"https:\/\/marianistestg.org\/?p=5089\">Bulletin 81 R\u00e9gion Togo<\/a><\/h3><\/div><\/div>\t\t<\/div>\n\t\t\t\t<\/div>\n\t\t\t\t\t<\/div>\n\t\t<\/div>\n\t\t\t\t<div class=\"elementor-column elementor-col-50 elementor-inner-column elementor-element elementor-element-617c131\" data-id=\"617c131\" data-element_type=\"column\">\n\t\t\t<div class=\"elementor-widget-wrap elementor-element-populated\">\n\t\t\t\t\t\t\t\t<div class=\"elementor-element elementor-element-a79a1aa elementor-position-top elementor-widget elementor-widget-image-box\" data-id=\"a79a1aa\" data-element_type=\"widget\" data-widget_type=\"image-box.default\">\n\t\t\t\t<div class=\"elementor-widget-container\">\n\t\t\t<div class=\"elementor-image-box-wrapper\"><figure class=\"elementor-image-box-img\"><a href=\"https:\/\/marianistestg.org\/?p=5068\" tabindex=\"-1\"><img width=\"414\" height=\"393\" src=\"https:\/\/marianistestg.org\/wp-content\/uploads\/2020\/06\/newspaper.jpg\" class=\"elementor-animation-grow attachment-full size-full wp-image-3269\" alt=\"\" loading=\"lazy\" srcset=\"https:\/\/marianistestg.org\/wp-content\/uploads\/2020\/06\/newspaper.jpg 414w, https:\/\/marianistestg.org\/wp-content\/uploads\/2020\/06\/newspaper-300x285.jpg 300w\" sizes=\"(max-width: 414px) 100vw, 414px\" \/><\/a><\/figure><div class=\"elementor-image-box-content\"><h3 class=\"elementor-image-box-title\"><a href=\"https:\/\/marianistestg.org\/?p=5068\">Bulletin 80 R\u00e9gion Togo<\/a><\/h3><p class=\"elementor-image-box-description\">.<\/p><\/div><\/div>\t\t<\/div>\n\t\t\t\t<\/div>\n\t\t\t\t\t<\/div>\n\t\t<\/div>\n\t\t\t\t\t\t\t<\/div>\n\t\t<\/section>\n\t\t\t\t\t<\/div>\n\t\t<\/div>\n\t\t\t\t\t\t\t<\/div>\n\t\t<\/section>\n\t\t\t\t\t\t\t<\/div>\n\t\t","protected":false},"excerpt":{"rendered":"<div class=\"mh-excerpt\"><p>Bulletin 87 R\u00e9gion Togo Bulletin 86 R\u00e9gion Togo Bulletin 85 R\u00e9gion Togo Bulletin 84 R\u00e9gion Togo Bulletin 83 R\u00e9gion Togo Bulletin 82 R\u00e9gion Togo Bulletin <a class=\"mh-excerpt-more\" href=\"https:\/\/marianistestg.org\/?page_id=5066\" title=\"2022\">[&#8230;]<\/a><\/p>\n<\/div>","protected":false},"author":1,"featured_media":0,"parent":0,"menu_order":0,"comment_status":"closed","ping_status":"closed","template":"","meta":[],"categories":[],"tags":[],"_links":{"self":[{"href":"https:\/\/marianistestg.org\/index.php?rest_route=\/wp\/v2\/pages\/5066"}],"collection":[{"href":"https:\/\/marianistestg.org\/index.php?rest_route=\/wp\/v2\/pages"}],"about":[{"href":"https:\/\/marianistestg.org\/index.php?rest_route=\/wp\/v2\/types\/page"}],"author":[{"embeddable":true,"href":"https:\/\/marianistestg.org\/index.php?rest_route=\/wp\/v2\/users\/1"}],"replies":[{"embeddable":true,"href":"https:\/\/marianistestg.org\/index.php?rest_route=%2Fwp%2Fv2%2Fcomments&post=5066"}],"version-history":[{"count":38,"href":"https:\/\/marianistestg.org\/index.php?rest_route=\/wp\/v2\/pages\/5066\/revisions"}],"predecessor-version":[{"id":5143,"href":"https:\/\/marianistestg.org\/index.php?rest_route=\/wp\/v2\/pages\/5066\/revisions\/5143"}],"wp:attachment":[{"href":"https:\/\/marianistestg.org\/index.php?rest_route=%2Fwp%2Fv2%2Fmedia&parent=5066"}],"wp:term":[{"taxonomy":"category","embeddable":true,"href":"https:\/\/marianistestg.org\/index.php?rest_route=%2Fwp%2Fv2%2Fcategories&post=5066"},{"taxonomy":"post_tag","embeddable":true,"href":"https:\/\/marianistestg.org\/index.php?rest_route=%2Fwp%2Fv2%2Ftags&post=5066"}],"curies":[{"name":"wp","href":"https:\/\/api.w.org\/{rel}","templated":true}]}}