{"id":3356,"date":"2019-01-02T07:59:58","date_gmt":"2019-01-02T07:59:58","guid":{"rendered":"http:\/\/marianistestg.org\/?page_id=3356"},"modified":"2020-06-13T15:29:35","modified_gmt":"2020-06-13T20:29:35","slug":"partnerships","status":"publish","type":"page","link":"https:\/\/marianistestg.org\/?page_id=3356&lang=en","title":{"rendered":"Partnerships"},"content":{"rendered":"\t\t<div data-elementor-type=\"wp-post\" data-elementor-id=\"3356\" class=\"elementor elementor-3356\">\n\t\t\t\t\t\t\t\t\t<section class=\"elementor-section elementor-top-section elementor-element elementor-element-424bd461 elementor-section-boxed elementor-section-height-default elementor-section-height-default\" data-id=\"424bd461\" data-element_type=\"section\">\n\t\t\t\t\t\t<div class=\"elementor-container elementor-column-gap-default\">\n\t\t\t\t\t<div class=\"elementor-column elementor-col-100 elementor-top-column elementor-element elementor-element-69350f42\" data-id=\"69350f42\" data-element_type=\"column\">\n\t\t\t<div class=\"elementor-widget-wrap elementor-element-populated\">\n\t\t\t\t\t\t\t\t<div class=\"elementor-element elementor-element-4ec6a88e elementor-widget elementor-widget-text-editor\" data-id=\"4ec6a88e\" data-element_type=\"widget\" data-widget_type=\"text-editor.default\">\n\t\t\t\t<div class=\"elementor-widget-container\">\n\t\t\t\t\t\t\t<p><!-- wp:heading --><\/p><h2>Territorial Community of Switzerland<\/h2><p><!-- \/wp:heading --><!-- wp:paragraph --><\/p><p id=\"tw-target-text\" class=\"tw-data-text tw-text-large XcVN5d tw-ta\" dir=\"ltr\" data-placeholder=\"Translation\"><span lang=\"en\">The Territorial Community of Switzerland is the founder of Marianist life in Togo. She contributed to the development of Marianist works and missions in Kara, Sotouboua, Natitingou and Lom\u00e9.<\/span><\/p><p><!-- \/wp:paragraph --><!-- wp:heading --><\/p><h2>Action Marianiste<\/h2><p><!-- \/wp:heading --><!-- wp:paragraph --><\/p><p>Action Marianiste is an association of benefactors united to support Marianist missions and works around the world. This association supported our construction projects in Lom\u00e9 and Natitingou.<\/p><p><!-- \/wp:paragraph --><!-- wp:heading --><\/p><h2>Germe Chaminade International (GCI)<\/h2><p><!-- \/wp:heading --><!-- wp:paragraph --><\/p><p>GCI is an association of former students of the Chaminade College whose aim is to promote family spirit and excellence.<\/p><p><!-- \/wp:paragraph --><!-- wp:heading --><\/p><h2>Association des \u00c9l\u00e8ves des Coll\u00e8ges Chaminade et Adele (AECAT)<\/h2><p><!-- \/wp:heading --><!-- wp:paragraph --><\/p><p>This association is made up of former students of Chaminade and Ad\u00e8le High Schools.<\/p><p><!-- \/wp:paragraph --><\/p>\t\t\t\t\t\t<\/div>\n\t\t\t\t<\/div>\n\t\t\t\t\t<\/div>\n\t\t<\/div>\n\t\t\t\t\t\t\t<\/div>\n\t\t<\/section>\n\t\t\t\t\t\t\t<\/div>\n\t\t","protected":false},"excerpt":{"rendered":"<div class=\"mh-excerpt\"><p>Territorial Community of Switzerland The Territorial Community of Switzerland is the founder of Marianist life in Togo. She contributed to the development of Marianist works <a class=\"mh-excerpt-more\" href=\"https:\/\/marianistestg.org\/?page_id=3356&#038;lang=en\" title=\"Partnerships\">[&#8230;]<\/a><\/p>\n<\/div>","protected":false},"author":1,"featured_media":0,"parent":0,"menu_order":0,"comment_status":"closed","ping_status":"closed","template":"","meta":[],"categories":[132,165],"tags":[],"_links":{"self":[{"href":"https:\/\/marianistestg.org\/index.php?rest_route=\/wp\/v2\/pages\/3356"}],"collection":[{"href":"https:\/\/marianistestg.org\/index.php?rest_route=\/wp\/v2\/pages"}],"about":[{"href":"https:\/\/marianistestg.org\/index.php?rest_route=\/wp\/v2\/types\/page"}],"author":[{"embeddable":true,"href":"https:\/\/marianistestg.org\/index.php?rest_route=\/wp\/v2\/users\/1"}],"replies":[{"embeddable":true,"href":"https:\/\/marianistestg.org\/index.php?rest_route=%2Fwp%2Fv2%2Fcomments&post=3356"}],"version-history":[{"count":2,"href":"https:\/\/marianistestg.org\/index.php?rest_route=\/wp\/v2\/pages\/3356\/revisions"}],"predecessor-version":[{"id":3454,"href":"https:\/\/marianistestg.org\/index.php?rest_route=\/wp\/v2\/pages\/3356\/revisions\/3454"}],"wp:attachment":[{"href":"https:\/\/marianistestg.org\/index.php?rest_route=%2Fwp%2Fv2%2Fmedia&parent=3356"}],"wp:term":[{"taxonomy":"category","embeddable":true,"href":"https:\/\/marianistestg.org\/index.php?rest_route=%2Fwp%2Fv2%2Fcategories&post=3356"},{"taxonomy":"post_tag","embeddable":true,"href":"https:\/\/marianistestg.org\/index.php?rest_route=%2Fwp%2Fv2%2Ftags&post=3356"}],"curies":[{"name":"wp","href":"https:\/\/api.w.org\/{rel}","templated":true}]}}