{"id":1532,"date":"2019-01-02T07:59:58","date_gmt":"2019-01-02T07:59:58","guid":{"rendered":"http:\/\/marianistestg.org\/?page_id=1532"},"modified":"2020-06-12T22:16:14","modified_gmt":"2020-06-13T03:16:14","slug":"partenariats","status":"publish","type":"page","link":"https:\/\/marianistestg.org\/?page_id=1532","title":{"rendered":"Partenariats"},"content":{"rendered":"\t\t<div data-elementor-type=\"wp-post\" data-elementor-id=\"1532\" class=\"elementor elementor-1532\">\n\t\t\t\t\t\t\t\t\t<section class=\"elementor-section elementor-top-section elementor-element elementor-element-424bd461 elementor-section-boxed elementor-section-height-default elementor-section-height-default\" data-id=\"424bd461\" data-element_type=\"section\">\n\t\t\t\t\t\t<div class=\"elementor-container elementor-column-gap-default\">\n\t\t\t\t\t<div class=\"elementor-column elementor-col-100 elementor-top-column elementor-element elementor-element-69350f42\" data-id=\"69350f42\" data-element_type=\"column\">\n\t\t\t<div class=\"elementor-widget-wrap elementor-element-populated\">\n\t\t\t\t\t\t\t\t<div class=\"elementor-element elementor-element-4ec6a88e elementor-widget elementor-widget-text-editor\" data-id=\"4ec6a88e\" data-element_type=\"widget\" data-widget_type=\"text-editor.default\">\n\t\t\t\t<div class=\"elementor-widget-container\">\n\t\t\t\t\t\t\t<!-- wp:heading -->\n<h2>Communaute Territoriale de Suisse<\/h2>\n<!-- \/wp:heading --><!-- wp:paragraph -->\n<p>La Communaut\u00e9 Territoriale de Suisse est la fondatrice de la vie marianiste au Togo. Elle a contribu\u00e9 au d\u00e9veloppement des \u0153uvres et missions marianistes \u00e0 Kara, Sotouboua, Natitingou et Lom\u00e9.<\/p>\n<!-- \/wp:paragraph --><!-- wp:heading -->\n<h2>Action Marianiste<\/h2>\n<!-- \/wp:heading --><!-- wp:paragraph -->\n<p>Action Marianiste est une association de bienfaiteurs r\u00e9unis pour soutenir les missions et oeuvres marianistes \u00e0 travers le monde. Cette association a soutenu nos projets de construction \u00e0 Lom\u00e9 et Natitingou.<\/p>\n<!-- \/wp:paragraph --><!-- wp:heading -->\n<h2>Germe Chaminade International (GCI)<\/h2>\n<!-- \/wp:heading --><!-- wp:paragraph -->\n<p>GCI est association d&#8217;anciens \u00e9l\u00e8ves du Coll\u00e8ge Chaminade dont le but est de promouvoir l&#8217;esprit de famille et d&#8217;excellence.<\/p>\n<!-- \/wp:paragraph --><!-- wp:heading -->\n<h2>Association des \u00c9l\u00e8ves des Coll\u00e8ges Chaminade et Adele (AECAT)<\/h2>\n<!-- \/wp:heading --><!-- wp:paragraph -->\n<p>Cette association est form\u00e9e d&#8217;anciens \u00e9l\u00e8ves des coll\u00e8ges Chaminade et Ad\u00e8le. <strong><em><br \/><\/em><\/strong><\/p>\n<!-- \/wp:paragraph -->\t\t\t\t\t\t<\/div>\n\t\t\t\t<\/div>\n\t\t\t\t\t<\/div>\n\t\t<\/div>\n\t\t\t\t\t\t\t<\/div>\n\t\t<\/section>\n\t\t\t\t\t\t\t<\/div>\n\t\t","protected":false},"excerpt":{"rendered":"<div class=\"mh-excerpt\"><p>Communaute Territoriale de Suisse La Communaut\u00e9 Territoriale de Suisse est la fondatrice de la vie marianiste au Togo. Elle a contribu\u00e9 au d\u00e9veloppement des \u0153uvres <a class=\"mh-excerpt-more\" href=\"https:\/\/marianistestg.org\/?page_id=1532\" title=\"Partenariats\">[&#8230;]<\/a><\/p>\n<\/div>","protected":false},"author":2,"featured_media":0,"parent":0,"menu_order":0,"comment_status":"closed","ping_status":"closed","template":"","meta":[],"categories":[16],"tags":[],"_links":{"self":[{"href":"https:\/\/marianistestg.org\/index.php?rest_route=\/wp\/v2\/pages\/1532"}],"collection":[{"href":"https:\/\/marianistestg.org\/index.php?rest_route=\/wp\/v2\/pages"}],"about":[{"href":"https:\/\/marianistestg.org\/index.php?rest_route=\/wp\/v2\/types\/page"}],"author":[{"embeddable":true,"href":"https:\/\/marianistestg.org\/index.php?rest_route=\/wp\/v2\/users\/2"}],"replies":[{"embeddable":true,"href":"https:\/\/marianistestg.org\/index.php?rest_route=%2Fwp%2Fv2%2Fcomments&post=1532"}],"version-history":[{"count":11,"href":"https:\/\/marianistestg.org\/index.php?rest_route=\/wp\/v2\/pages\/1532\/revisions"}],"predecessor-version":[{"id":3251,"href":"https:\/\/marianistestg.org\/index.php?rest_route=\/wp\/v2\/pages\/1532\/revisions\/3251"}],"wp:attachment":[{"href":"https:\/\/marianistestg.org\/index.php?rest_route=%2Fwp%2Fv2%2Fmedia&parent=1532"}],"wp:term":[{"taxonomy":"category","embeddable":true,"href":"https:\/\/marianistestg.org\/index.php?rest_route=%2Fwp%2Fv2%2Fcategories&post=1532"},{"taxonomy":"post_tag","embeddable":true,"href":"https:\/\/marianistestg.org\/index.php?rest_route=%2Fwp%2Fv2%2Ftags&post=1532"}],"curies":[{"name":"wp","href":"https:\/\/api.w.org\/{rel}","templated":true}]}}