{"id":1398,"date":"2018-12-31T19:50:27","date_gmt":"2018-12-31T19:50:27","guid":{"rendered":"http:\/\/marianistestg.org\/?page_id=1398"},"modified":"2020-12-21T23:39:32","modified_gmt":"2020-12-22T04:39:32","slug":"nos-ecoles","status":"publish","type":"page","link":"https:\/\/marianistestg.org\/?page_id=1398","title":{"rendered":"Nos Ecoles"},"content":{"rendered":"\t\t<div data-elementor-type=\"wp-post\" data-elementor-id=\"1398\" class=\"elementor elementor-1398\">\n\t\t\t\t\t\t\t\t\t<section class=\"elementor-section elementor-top-section elementor-element elementor-element-d397504 elementor-section-boxed elementor-section-height-default elementor-section-height-default\" data-id=\"d397504\" data-element_type=\"section\">\n\t\t\t\t\t\t<div class=\"elementor-container elementor-column-gap-default\">\n\t\t\t\t\t<div class=\"elementor-column elementor-col-100 elementor-top-column elementor-element elementor-element-01125db\" data-id=\"01125db\" data-element_type=\"column\">\n\t\t\t<div class=\"elementor-widget-wrap elementor-element-populated\">\n\t\t\t\t\t\t\t\t<div class=\"elementor-element elementor-element-04df3e8 elementor-position-left elementor-vertical-align-middle elementor-widget elementor-widget-image-box\" data-id=\"04df3e8\" data-element_type=\"widget\" data-widget_type=\"image-box.default\">\n\t\t\t\t<div class=\"elementor-widget-container\">\n\t\t\t<div class=\"elementor-image-box-wrapper\"><figure class=\"elementor-image-box-img\"><a href=\"http:\/\/www.chaminade-kara.org\/\" target=\"_blank\" tabindex=\"-1\"><img width=\"386\" height=\"288\" src=\"https:\/\/marianistestg.org\/wp-content\/uploads\/2019\/01\/chaminade-kara_resize.jpg\" class=\"attachment-full size-full wp-image-2007\" alt=\"\" loading=\"lazy\" srcset=\"https:\/\/marianistestg.org\/wp-content\/uploads\/2019\/01\/chaminade-kara_resize.jpg 386w, https:\/\/marianistestg.org\/wp-content\/uploads\/2019\/01\/chaminade-kara_resize-300x224.jpg 300w, https:\/\/marianistestg.org\/wp-content\/uploads\/2019\/01\/chaminade-kara_resize-80x60.jpg 80w\" sizes=\"(max-width: 386px) 100vw, 386px\" \/><\/a><\/figure><div class=\"elementor-image-box-content\"><h3 class=\"elementor-image-box-title\"><a href=\"http:\/\/www.chaminade-kara.org\/\" target=\"_blank\">Coll\u00e8ge Chaminade<br><h4>Kara<\/h4><\/a><\/h3><p class=\"elementor-image-box-description\">http:\/\/www.chaminade-kara.org\/<\/p><\/div><\/div>\t\t<\/div>\n\t\t\t\t<\/div>\n\t\t\t\t\t<\/div>\n\t\t<\/div>\n\t\t\t\t\t\t\t<\/div>\n\t\t<\/section>\n\t\t\t\t<section class=\"elementor-section elementor-top-section elementor-element elementor-element-11eeb64 elementor-section-boxed elementor-section-height-default elementor-section-height-default\" data-id=\"11eeb64\" data-element_type=\"section\">\n\t\t\t\t\t\t<div class=\"elementor-container elementor-column-gap-default\">\n\t\t\t\t\t<div class=\"elementor-column elementor-col-100 elementor-top-column elementor-element elementor-element-f57b937\" data-id=\"f57b937\" data-element_type=\"column\">\n\t\t\t<div class=\"elementor-widget-wrap elementor-element-populated\">\n\t\t\t\t\t\t\t\t<div class=\"elementor-element elementor-element-0fe6bad elementor-widget elementor-widget-spacer\" data-id=\"0fe6bad\" data-element_type=\"widget\" data-widget_type=\"spacer.default\">\n\t\t\t\t<div class=\"elementor-widget-container\">\n\t\t\t\t\t<div class=\"elementor-spacer\">\n\t\t\t<div class=\"elementor-spacer-inner\"><\/div>\n\t\t<\/div>\n\t\t\t\t<\/div>\n\t\t\t\t<\/div>\n\t\t\t\t<div class=\"elementor-element elementor-element-b9f2f41 elementor-position-left elementor-vertical-align-middle elementor-widget elementor-widget-image-box\" data-id=\"b9f2f41\" data-element_type=\"widget\" data-widget_type=\"image-box.default\">\n\t\t\t\t<div class=\"elementor-widget-container\">\n\t\t\t<div class=\"elementor-image-box-wrapper\"><figure class=\"elementor-image-box-img\"><a href=\"https:\/\/chaminadebenin.education\/\" target=\"_blank\" tabindex=\"-1\"><img width=\"944\" height=\"706\" src=\"https:\/\/marianistestg.org\/wp-content\/uploads\/2019\/01\/Chaminade-Nati.jpg\" class=\"attachment-full size-full wp-image-2004\" alt=\"\" loading=\"lazy\" srcset=\"https:\/\/marianistestg.org\/wp-content\/uploads\/2019\/01\/Chaminade-Nati.jpg 944w, https:\/\/marianistestg.org\/wp-content\/uploads\/2019\/01\/Chaminade-Nati-300x224.jpg 300w, https:\/\/marianistestg.org\/wp-content\/uploads\/2019\/01\/Chaminade-Nati-768x574.jpg 768w, https:\/\/marianistestg.org\/wp-content\/uploads\/2019\/01\/Chaminade-Nati-326x245.jpg 326w, https:\/\/marianistestg.org\/wp-content\/uploads\/2019\/01\/Chaminade-Nati-80x60.jpg 80w\" sizes=\"(max-width: 944px) 100vw, 944px\" \/><\/a><\/figure><div class=\"elementor-image-box-content\"><h3 class=\"elementor-image-box-title\"><a href=\"https:\/\/chaminadebenin.education\/\" target=\"_blank\">Coll\u00e8ge Chaminade<br><h4>Natitingou<\/h4><\/a><\/h3><p class=\"elementor-image-box-description\">https:\/\/chaminadebenin.education\/<\/p><\/div><\/div>\t\t<\/div>\n\t\t\t\t<\/div>\n\t\t\t\t\t<\/div>\n\t\t<\/div>\n\t\t\t\t\t\t\t<\/div>\n\t\t<\/section>\n\t\t\t\t<section class=\"elementor-section elementor-top-section elementor-element elementor-element-01e2d13 elementor-section-boxed elementor-section-height-default elementor-section-height-default\" data-id=\"01e2d13\" data-element_type=\"section\">\n\t\t\t\t\t\t<div class=\"elementor-container elementor-column-gap-default\">\n\t\t\t\t\t<div class=\"elementor-column elementor-col-100 elementor-top-column elementor-element elementor-element-4c867b1\" data-id=\"4c867b1\" data-element_type=\"column\">\n\t\t\t<div class=\"elementor-widget-wrap elementor-element-populated\">\n\t\t\t\t\t\t\t\t<div class=\"elementor-element elementor-element-1029716 elementor-widget elementor-widget-spacer\" data-id=\"1029716\" data-element_type=\"widget\" data-widget_type=\"spacer.default\">\n\t\t\t\t<div class=\"elementor-widget-container\">\n\t\t\t\t\t<div class=\"elementor-spacer\">\n\t\t\t<div class=\"elementor-spacer-inner\"><\/div>\n\t\t<\/div>\n\t\t\t\t<\/div>\n\t\t\t\t<\/div>\n\t\t\t\t<div class=\"elementor-element elementor-element-0ab022e elementor-position-left elementor-vertical-align-middle elementor-widget elementor-widget-image-box\" data-id=\"0ab022e\" data-element_type=\"widget\" data-widget_type=\"image-box.default\">\n\t\t\t\t<div class=\"elementor-widget-container\">\n\t\t\t<div class=\"elementor-image-box-wrapper\"><figure class=\"elementor-image-box-img\"><img width=\"3058\" height=\"2287\" src=\"https:\/\/marianistestg.org\/wp-content\/uploads\/2019\/01\/Rene-Mattle.jpg\" class=\"attachment-full size-full wp-image-2005\" alt=\"\" loading=\"lazy\" srcset=\"https:\/\/marianistestg.org\/wp-content\/uploads\/2019\/01\/Rene-Mattle.jpg 3058w, https:\/\/marianistestg.org\/wp-content\/uploads\/2019\/01\/Rene-Mattle-300x224.jpg 300w, https:\/\/marianistestg.org\/wp-content\/uploads\/2019\/01\/Rene-Mattle-768x574.jpg 768w, https:\/\/marianistestg.org\/wp-content\/uploads\/2019\/01\/Rene-Mattle-1024x766.jpg 1024w, https:\/\/marianistestg.org\/wp-content\/uploads\/2019\/01\/Rene-Mattle-326x245.jpg 326w, https:\/\/marianistestg.org\/wp-content\/uploads\/2019\/01\/Rene-Mattle-80x60.jpg 80w\" sizes=\"(max-width: 3058px) 100vw, 3058px\" \/><\/figure><div class=\"elementor-image-box-content\"><h3 class=\"elementor-image-box-title\">Lyc\u00e9e Scientifique Robert Mattl\u00e9<br><h4>Sotouboua<\/h4><\/h3><\/div><\/div>\t\t<\/div>\n\t\t\t\t<\/div>\n\t\t\t\t\t<\/div>\n\t\t<\/div>\n\t\t\t\t\t\t\t<\/div>\n\t\t<\/section>\n\t\t\t\t\t\t\t<\/div>\n\t\t","protected":false},"excerpt":{"rendered":"<div class=\"mh-excerpt\"><p>Coll\u00e8ge Chaminade Kara Accueil Coll\u00e8ge Chaminade Natitingou Accueil Lyc\u00e9e Scientifique Robert Mattl\u00e9 Sotouboua<\/p>\n<\/div>","protected":false},"author":1,"featured_media":0,"parent":0,"menu_order":0,"comment_status":"closed","ping_status":"closed","template":"","meta":[],"categories":[5],"tags":[],"_links":{"self":[{"href":"https:\/\/marianistestg.org\/index.php?rest_route=\/wp\/v2\/pages\/1398"}],"collection":[{"href":"https:\/\/marianistestg.org\/index.php?rest_route=\/wp\/v2\/pages"}],"about":[{"href":"https:\/\/marianistestg.org\/index.php?rest_route=\/wp\/v2\/types\/page"}],"author":[{"embeddable":true,"href":"https:\/\/marianistestg.org\/index.php?rest_route=\/wp\/v2\/users\/1"}],"replies":[{"embeddable":true,"href":"https:\/\/marianistestg.org\/index.php?rest_route=%2Fwp%2Fv2%2Fcomments&post=1398"}],"version-history":[{"count":22,"href":"https:\/\/marianistestg.org\/index.php?rest_route=\/wp\/v2\/pages\/1398\/revisions"}],"predecessor-version":[{"id":4579,"href":"https:\/\/marianistestg.org\/index.php?rest_route=\/wp\/v2\/pages\/1398\/revisions\/4579"}],"wp:attachment":[{"href":"https:\/\/marianistestg.org\/index.php?rest_route=%2Fwp%2Fv2%2Fmedia&parent=1398"}],"wp:term":[{"taxonomy":"category","embeddable":true,"href":"https:\/\/marianistestg.org\/index.php?rest_route=%2Fwp%2Fv2%2Fcategories&post=1398"},{"taxonomy":"post_tag","embeddable":true,"href":"https:\/\/marianistestg.org\/index.php?rest_route=%2Fwp%2Fv2%2Ftags&post=1398"}],"curies":[{"name":"wp","href":"https:\/\/api.w.org\/{rel}","templated":true}]}}