{"id":1396,"date":"2018-12-31T19:50:03","date_gmt":"2018-12-31T19:50:03","guid":{"rendered":"http:\/\/marianistestg.org\/?page_id=1396"},"modified":"2020-06-12T22:16:14","modified_gmt":"2020-06-13T03:16:14","slug":"oeuvres-et-mission","status":"publish","type":"page","link":"https:\/\/marianistestg.org\/?page_id=1396","title":{"rendered":"Oeuvres et Mission"},"content":{"rendered":"\t\t<div data-elementor-type=\"wp-post\" data-elementor-id=\"1396\" class=\"elementor elementor-1396\">\n\t\t\t\t\t\t\t\t\t<section class=\"elementor-section elementor-top-section elementor-element elementor-element-103268c elementor-section-boxed elementor-section-height-default elementor-section-height-default\" data-id=\"103268c\" data-element_type=\"section\">\n\t\t\t\t\t\t<div class=\"elementor-container elementor-column-gap-default\">\n\t\t\t\t\t<div class=\"elementor-column elementor-col-100 elementor-top-column elementor-element elementor-element-7ed4f3d\" data-id=\"7ed4f3d\" data-element_type=\"column\">\n\t\t\t<div class=\"elementor-widget-wrap elementor-element-populated\">\n\t\t\t\t\t\t\t\t<div class=\"elementor-element elementor-element-0c7cd2f elementor-widget elementor-widget-text-editor\" data-id=\"0c7cd2f\" data-element_type=\"widget\" data-widget_type=\"text-editor.default\">\n\t\t\t\t<div class=\"elementor-widget-container\">\n\t\t\t\t\t\t\t<p>Les Fr\u00e8res Marianistes, dans l&#8217;optique de proximit\u00e9 d&#8217;avec les plus n\u00e9cessitueux, sont pr\u00e9sents dans quatre communaut\u00e9s au <strong>Togo<\/strong> et <strong>B\u00e9nin<\/strong>. Ils y administrent notamment trois \u00e9tablissements scolaires, une ferme agricole, un centre d&#8217;accueil et plusieurs projets de moyenne envergure.<\/p>\t\t\t\t\t\t<\/div>\n\t\t\t\t<\/div>\n\t\t\t\t\t<\/div>\n\t\t<\/div>\n\t\t\t\t\t\t\t<\/div>\n\t\t<\/section>\n\t\t\t\t<section class=\"elementor-section elementor-top-section elementor-element elementor-element-8090804 elementor-section-boxed elementor-section-height-default elementor-section-height-default\" data-id=\"8090804\" data-element_type=\"section\">\n\t\t\t\t\t\t<div class=\"elementor-container elementor-column-gap-default\">\n\t\t\t\t\t<div class=\"elementor-column elementor-col-100 elementor-top-column elementor-element elementor-element-f498923\" data-id=\"f498923\" data-element_type=\"column\">\n\t\t\t<div class=\"elementor-widget-wrap elementor-element-populated\">\n\t\t\t\t\t\t\t\t<div class=\"elementor-element elementor-element-57881d5 elementor-invisible elementor-widget elementor-widget-image-gallery\" data-id=\"57881d5\" data-element_type=\"widget\" data-settings=\"{&quot;_animation&quot;:&quot;zoomIn&quot;}\" data-widget_type=\"image-gallery.default\">\n\t\t\t\t<div class=\"elementor-widget-container\">\n\t\t\t\t\t<div class=\"elementor-image-gallery\">\n\t\t\t<div id='gallery-1' class='gallery galleryid-1396 gallery-columns-4 gallery-size-thumbnail'><figure class='gallery-item'>\n\t\t\t<div class='gallery-icon landscape'>\n\t\t\t\t<a data-elementor-open-lightbox=\"yes\" data-elementor-lightbox-slideshow=\"57881d5\" data-e-action-hash=\"#elementor-action%3Aaction%3Dlightbox%26settings%3DeyJpZCI6MjAxNywidXJsIjoiaHR0cHM6XC9cL21hcmlhbmlzdGVzdGcub3JnXC93cC1jb250ZW50XC91cGxvYWRzXC8yMDE5XC8wMVwvQ210ZS1OYXRpLmpwZyIsInNsaWRlc2hvdyI6IjU3ODgxZDUifQ%3D%3D\" href='https:\/\/marianistestg.org\/wp-content\/uploads\/2019\/01\/Cmte-Nati.jpg'><img width=\"150\" height=\"150\" src=\"https:\/\/marianistestg.org\/wp-content\/uploads\/2019\/01\/Cmte-Nati-150x150.jpg\" class=\"attachment-thumbnail size-thumbnail\" alt=\"\" loading=\"lazy\" \/><\/a>\n\t\t\t<\/div><\/figure><figure class='gallery-item'>\n\t\t\t<div class='gallery-icon landscape'>\n\t\t\t\t<a data-elementor-open-lightbox=\"yes\" data-elementor-lightbox-slideshow=\"57881d5\" data-e-action-hash=\"#elementor-action%3Aaction%3Dlightbox%26settings%3DeyJpZCI6MjAxNiwidXJsIjoiaHR0cHM6XC9cL21hcmlhbmlzdGVzdGcub3JnXC93cC1jb250ZW50XC91cGxvYWRzXC8yMDE5XC8wMVwvQ210ZS1Mb21lLmpwZyIsInNsaWRlc2hvdyI6IjU3ODgxZDUifQ%3D%3D\" href='https:\/\/marianistestg.org\/wp-content\/uploads\/2019\/01\/Cmte-Lome.jpg'><img width=\"150\" height=\"150\" src=\"https:\/\/marianistestg.org\/wp-content\/uploads\/2019\/01\/Cmte-Lome-150x150.jpg\" class=\"attachment-thumbnail size-thumbnail\" alt=\"\" loading=\"lazy\" \/><\/a>\n\t\t\t<\/div><\/figure><figure class='gallery-item'>\n\t\t\t<div class='gallery-icon landscape'>\n\t\t\t\t<a data-elementor-open-lightbox=\"yes\" data-elementor-lightbox-slideshow=\"57881d5\" data-e-action-hash=\"#elementor-action%3Aaction%3Dlightbox%26settings%3DeyJpZCI6MjAxNCwidXJsIjoiaHR0cHM6XC9cL21hcmlhbmlzdGVzdGcub3JnXC93cC1jb250ZW50XC91cGxvYWRzXC8yMDE5XC8wMVwvQ210ZS1Tb3RvdWJvdWEuanBnIiwic2xpZGVzaG93IjoiNTc4ODFkNSJ9\" href='https:\/\/marianistestg.org\/wp-content\/uploads\/2019\/01\/Cmte-Sotouboua.jpg'><img width=\"150\" height=\"150\" src=\"https:\/\/marianistestg.org\/wp-content\/uploads\/2019\/01\/Cmte-Sotouboua-150x150.jpg\" class=\"attachment-thumbnail size-thumbnail\" alt=\"\" loading=\"lazy\" \/><\/a>\n\t\t\t<\/div><\/figure><figure class='gallery-item'>\n\t\t\t<div class='gallery-icon landscape'>\n\t\t\t\t<a data-elementor-open-lightbox=\"yes\" data-elementor-lightbox-slideshow=\"57881d5\" data-e-action-hash=\"#elementor-action%3Aaction%3Dlightbox%26settings%3DeyJpZCI6MjAxMiwidXJsIjoiaHR0cHM6XC9cL21hcmlhbmlzdGVzdGcub3JnXC93cC1jb250ZW50XC91cGxvYWRzXC8yMDE5XC8wMVwvQ210ZS1LQXJhLmpwZyIsInNsaWRlc2hvdyI6IjU3ODgxZDUifQ%3D%3D\" href='https:\/\/marianistestg.org\/wp-content\/uploads\/2019\/01\/Cmte-KAra.jpg'><img width=\"150\" height=\"150\" src=\"https:\/\/marianistestg.org\/wp-content\/uploads\/2019\/01\/Cmte-KAra-150x150.jpg\" class=\"attachment-thumbnail size-thumbnail\" alt=\"\" loading=\"lazy\" \/><\/a>\n\t\t\t<\/div><\/figure><figure class='gallery-item'>\n\t\t\t<div class='gallery-icon landscape'>\n\t\t\t\t<a data-elementor-open-lightbox=\"yes\" data-elementor-lightbox-slideshow=\"57881d5\" data-e-action-hash=\"#elementor-action%3Aaction%3Dlightbox%26settings%3DeyJpZCI6MjAwNywidXJsIjoiaHR0cHM6XC9cL21hcmlhbmlzdGVzdGcub3JnXC93cC1jb250ZW50XC91cGxvYWRzXC8yMDE5XC8wMVwvY2hhbWluYWRlLWthcmFfcmVzaXplLmpwZyIsInNsaWRlc2hvdyI6IjU3ODgxZDUifQ%3D%3D\" href='https:\/\/marianistestg.org\/wp-content\/uploads\/2019\/01\/chaminade-kara_resize.jpg'><img width=\"150\" height=\"150\" src=\"https:\/\/marianistestg.org\/wp-content\/uploads\/2019\/01\/chaminade-kara_resize-150x150.jpg\" class=\"attachment-thumbnail size-thumbnail\" alt=\"\" loading=\"lazy\" \/><\/a>\n\t\t\t<\/div><\/figure><figure class='gallery-item'>\n\t\t\t<div class='gallery-icon landscape'>\n\t\t\t\t<a data-elementor-open-lightbox=\"yes\" data-elementor-lightbox-slideshow=\"57881d5\" data-e-action-hash=\"#elementor-action%3Aaction%3Dlightbox%26settings%3DeyJpZCI6MjAwNSwidXJsIjoiaHR0cHM6XC9cL21hcmlhbmlzdGVzdGcub3JnXC93cC1jb250ZW50XC91cGxvYWRzXC8yMDE5XC8wMVwvUmVuZS1NYXR0bGUuanBnIiwic2xpZGVzaG93IjoiNTc4ODFkNSJ9\" href='https:\/\/marianistestg.org\/wp-content\/uploads\/2019\/01\/Rene-Mattle.jpg'><img width=\"150\" height=\"150\" src=\"https:\/\/marianistestg.org\/wp-content\/uploads\/2019\/01\/Rene-Mattle-150x150.jpg\" class=\"attachment-thumbnail size-thumbnail\" alt=\"\" loading=\"lazy\" \/><\/a>\n\t\t\t<\/div><\/figure><figure class='gallery-item'>\n\t\t\t<div class='gallery-icon landscape'>\n\t\t\t\t<a data-elementor-open-lightbox=\"yes\" data-elementor-lightbox-slideshow=\"57881d5\" data-e-action-hash=\"#elementor-action%3Aaction%3Dlightbox%26settings%3DeyJpZCI6MjAwNCwidXJsIjoiaHR0cHM6XC9cL21hcmlhbmlzdGVzdGcub3JnXC93cC1jb250ZW50XC91cGxvYWRzXC8yMDE5XC8wMVwvQ2hhbWluYWRlLU5hdGkuanBnIiwic2xpZGVzaG93IjoiNTc4ODFkNSJ9\" href='https:\/\/marianistestg.org\/wp-content\/uploads\/2019\/01\/Chaminade-Nati.jpg'><img width=\"150\" height=\"150\" src=\"https:\/\/marianistestg.org\/wp-content\/uploads\/2019\/01\/Chaminade-Nati-150x150.jpg\" class=\"attachment-thumbnail size-thumbnail\" alt=\"\" loading=\"lazy\" \/><\/a>\n\t\t\t<\/div><\/figure><figure class='gallery-item'>\n\t\t\t<div class='gallery-icon portrait'>\n\t\t\t\t<a data-elementor-open-lightbox=\"yes\" data-elementor-lightbox-slideshow=\"57881d5\" data-e-action-hash=\"#elementor-action%3Aaction%3Dlightbox%26settings%3DeyJpZCI6MjAyMSwidXJsIjoiaHR0cHM6XC9cL21hcmlhbmlzdGVzdGcub3JnXC93cC1jb250ZW50XC91cGxvYWRzXC8yMDE5XC8wMVwvQ01BRi5qcGciLCJzbGlkZXNob3ciOiI1Nzg4MWQ1In0%3D\" href='https:\/\/marianistestg.org\/wp-content\/uploads\/2019\/01\/CMAF.jpg'><img width=\"150\" height=\"150\" src=\"https:\/\/marianistestg.org\/wp-content\/uploads\/2019\/01\/CMAF-150x150.jpg\" class=\"attachment-thumbnail size-thumbnail\" alt=\"\" loading=\"lazy\" \/><\/a>\n\t\t\t<\/div><\/figure><figure class='gallery-item'>\n\t\t\t<div class='gallery-icon landscape'>\n\t\t\t\t<a data-elementor-open-lightbox=\"yes\" data-elementor-lightbox-slideshow=\"57881d5\" data-e-action-hash=\"#elementor-action%3Aaction%3Dlightbox%26settings%3DeyJpZCI6MTg0OSwidXJsIjoiaHR0cHM6XC9cL21hcmlhbmlzdGVzdGcub3JnXC93cC1jb250ZW50XC91cGxvYWRzXC8yMDE5XC8wMVwvaGVscC5qcGciLCJzbGlkZXNob3ciOiI1Nzg4MWQ1In0%3D\" href='https:\/\/marianistestg.org\/wp-content\/uploads\/2019\/01\/help.jpg'><img width=\"150\" height=\"150\" src=\"https:\/\/marianistestg.org\/wp-content\/uploads\/2019\/01\/help-150x150.jpg\" class=\"attachment-thumbnail size-thumbnail\" alt=\"\" loading=\"lazy\" \/><\/a>\n\t\t\t<\/div><\/figure><figure class='gallery-item'>\n\t\t\t<div class='gallery-icon landscape'>\n\t\t\t\t<a data-elementor-open-lightbox=\"yes\" data-elementor-lightbox-slideshow=\"57881d5\" data-e-action-hash=\"#elementor-action%3Aaction%3Dlightbox%26settings%3DeyJpZCI6MTk5MCwidXJsIjoiaHR0cHM6XC9cL21hcmlhbmlzdGVzdGcub3JnXC93cC1jb250ZW50XC91cGxvYWRzXC8yMDE5XC8wMVwvcGhvdG92b2x0YWlxdWV0b2dvXzIucG5nIiwic2xpZGVzaG93IjoiNTc4ODFkNSJ9\" href='https:\/\/marianistestg.org\/wp-content\/uploads\/2019\/01\/photovoltaiquetogo_2.png'><img width=\"150\" height=\"150\" src=\"https:\/\/marianistestg.org\/wp-content\/uploads\/2019\/01\/photovoltaiquetogo_2-150x150.png\" class=\"attachment-thumbnail size-thumbnail\" alt=\"\" loading=\"lazy\" \/><\/a>\n\t\t\t<\/div><\/figure><figure class='gallery-item'>\n\t\t\t<div class='gallery-icon landscape'>\n\t\t\t\t<a data-elementor-open-lightbox=\"yes\" data-elementor-lightbox-slideshow=\"57881d5\" data-e-action-hash=\"#elementor-action%3Aaction%3Dlightbox%26settings%3DeyJpZCI6MTk5NywidXJsIjoiaHR0cHM6XC9cL21hcmlhbmlzdGVzdGcub3JnXC93cC1jb250ZW50XC91cGxvYWRzXC8yMDE5XC8wMVwvTmF0aS5qcGciLCJzbGlkZXNob3ciOiI1Nzg4MWQ1In0%3D\" href='https:\/\/marianistestg.org\/wp-content\/uploads\/2019\/01\/Nati.jpg'><img width=\"150\" height=\"150\" src=\"https:\/\/marianistestg.org\/wp-content\/uploads\/2019\/01\/Nati-150x150.jpg\" class=\"attachment-thumbnail size-thumbnail\" alt=\"\" loading=\"lazy\" \/><\/a>\n\t\t\t<\/div><\/figure><figure class='gallery-item'>\n\t\t\t<div class='gallery-icon landscape'>\n\t\t\t\t<a data-elementor-open-lightbox=\"yes\" data-elementor-lightbox-slideshow=\"57881d5\" data-e-action-hash=\"#elementor-action%3Aaction%3Dlightbox%26settings%3DeyJpZCI6MjA3NSwidXJsIjoiaHR0cHM6XC9cL21hcmlhbmlzdGVzdGcub3JnXC93cC1jb250ZW50XC91cGxvYWRzXC8yMDE5XC8wMVwvRmVybWUxLmpwZyIsInNsaWRlc2hvdyI6IjU3ODgxZDUifQ%3D%3D\" href='https:\/\/marianistestg.org\/wp-content\/uploads\/2019\/01\/Ferme1.jpg'><img width=\"150\" height=\"150\" src=\"https:\/\/marianistestg.org\/wp-content\/uploads\/2019\/01\/Ferme1-150x150.jpg\" class=\"attachment-thumbnail size-thumbnail\" alt=\"\" loading=\"lazy\" \/><\/a>\n\t\t\t<\/div><\/figure><figure class='gallery-item'>\n\t\t\t<div class='gallery-icon landscape'>\n\t\t\t\t<a data-elementor-open-lightbox=\"yes\" data-elementor-lightbox-slideshow=\"57881d5\" data-e-action-hash=\"#elementor-action%3Aaction%3Dlightbox%26settings%3DeyJpZCI6MjA3OSwidXJsIjoiaHR0cHM6XC9cL21hcmlhbmlzdGVzdGcub3JnXC93cC1jb250ZW50XC91cGxvYWRzXC8yMDE5XC8wMVwvcmVudHJlZS5qcGciLCJzbGlkZXNob3ciOiI1Nzg4MWQ1In0%3D\" href='https:\/\/marianistestg.org\/wp-content\/uploads\/2019\/01\/rentree.jpg'><img width=\"150\" height=\"150\" src=\"https:\/\/marianistestg.org\/wp-content\/uploads\/2019\/01\/rentree-150x150.jpg\" class=\"attachment-thumbnail size-thumbnail\" alt=\"\" loading=\"lazy\" \/><\/a>\n\t\t\t<\/div><\/figure><figure class='gallery-item'>\n\t\t\t<div class='gallery-icon landscape'>\n\t\t\t\t<a data-elementor-open-lightbox=\"yes\" data-elementor-lightbox-slideshow=\"57881d5\" data-e-action-hash=\"#elementor-action%3Aaction%3Dlightbox%26settings%3DeyJpZCI6MjA3NywidXJsIjoiaHR0cHM6XC9cL21hcmlhbmlzdGVzdGcub3JnXC93cC1jb250ZW50XC91cGxvYWRzXC8yMDE5XC8wMVwvZmVybWUzLmpwZyIsInNsaWRlc2hvdyI6IjU3ODgxZDUifQ%3D%3D\" href='https:\/\/marianistestg.org\/wp-content\/uploads\/2019\/01\/ferme3.jpg'><img width=\"150\" height=\"150\" src=\"https:\/\/marianistestg.org\/wp-content\/uploads\/2019\/01\/ferme3-150x150.jpg\" class=\"attachment-thumbnail size-thumbnail\" alt=\"\" loading=\"lazy\" \/><\/a>\n\t\t\t<\/div><\/figure><figure class='gallery-item'>\n\t\t\t<div class='gallery-icon landscape'>\n\t\t\t\t<a data-elementor-open-lightbox=\"yes\" data-elementor-lightbox-slideshow=\"57881d5\" data-e-action-hash=\"#elementor-action%3Aaction%3Dlightbox%26settings%3DeyJpZCI6MjA3NiwidXJsIjoiaHR0cHM6XC9cL21hcmlhbmlzdGVzdGcub3JnXC93cC1jb250ZW50XC91cGxvYWRzXC8yMDE5XC8wMVwvZmVybWUyLmpwZyIsInNsaWRlc2hvdyI6IjU3ODgxZDUifQ%3D%3D\" href='https:\/\/marianistestg.org\/wp-content\/uploads\/2019\/01\/ferme2.jpg'><img width=\"150\" height=\"150\" src=\"https:\/\/marianistestg.org\/wp-content\/uploads\/2019\/01\/ferme2-150x150.jpg\" class=\"attachment-thumbnail size-thumbnail\" alt=\"\" loading=\"lazy\" \/><\/a>\n\t\t\t<\/div><\/figure><figure class='gallery-item'>\n\t\t\t<div class='gallery-icon landscape'>\n\t\t\t\t<a data-elementor-open-lightbox=\"yes\" data-elementor-lightbox-slideshow=\"57881d5\" data-e-action-hash=\"#elementor-action%3Aaction%3Dlightbox%26settings%3DeyJpZCI6MjA3OCwidXJsIjoiaHR0cHM6XC9cL21hcmlhbmlzdGVzdGcub3JnXC93cC1jb250ZW50XC91cGxvYWRzXC8yMDE5XC8wMVwvZ3JvdXBlLmpwZyIsInNsaWRlc2hvdyI6IjU3ODgxZDUifQ%3D%3D\" href='https:\/\/marianistestg.org\/wp-content\/uploads\/2019\/01\/groupe.jpg'><img width=\"150\" height=\"150\" src=\"https:\/\/marianistestg.org\/wp-content\/uploads\/2019\/01\/groupe-150x150.jpg\" class=\"attachment-thumbnail size-thumbnail\" alt=\"\" loading=\"lazy\" \/><\/a>\n\t\t\t<\/div><\/figure>\n\t\t<\/div>\n\t\t<\/div>\n\t\t\t\t<\/div>\n\t\t\t\t<\/div>\n\t\t\t\t\t<\/div>\n\t\t<\/div>\n\t\t\t\t\t\t\t<\/div>\n\t\t<\/section>\n\t\t\t\t\t\t\t<\/div>\n\t\t","protected":false},"excerpt":{"rendered":"<div class=\"mh-excerpt\"><p>Les Fr\u00e8res Marianistes, dans l&#8217;optique de proximit\u00e9 d&#8217;avec les plus n\u00e9cessitueux, sont pr\u00e9sents dans quatre communaut\u00e9s au Togo et B\u00e9nin. Ils y administrent notamment trois <a class=\"mh-excerpt-more\" href=\"https:\/\/marianistestg.org\/?page_id=1396\" title=\"Oeuvres et Mission\">[&#8230;]<\/a><\/p>\n<\/div>","protected":false},"author":1,"featured_media":0,"parent":0,"menu_order":0,"comment_status":"closed","ping_status":"closed","template":"","meta":[],"categories":[],"tags":[],"_links":{"self":[{"href":"https:\/\/marianistestg.org\/index.php?rest_route=\/wp\/v2\/pages\/1396"}],"collection":[{"href":"https:\/\/marianistestg.org\/index.php?rest_route=\/wp\/v2\/pages"}],"about":[{"href":"https:\/\/marianistestg.org\/index.php?rest_route=\/wp\/v2\/types\/page"}],"author":[{"embeddable":true,"href":"https:\/\/marianistestg.org\/index.php?rest_route=\/wp\/v2\/users\/1"}],"replies":[{"embeddable":true,"href":"https:\/\/marianistestg.org\/index.php?rest_route=%2Fwp%2Fv2%2Fcomments&post=1396"}],"version-history":[{"count":11,"href":"https:\/\/marianistestg.org\/index.php?rest_route=\/wp\/v2\/pages\/1396\/revisions"}],"predecessor-version":[{"id":3108,"href":"https:\/\/marianistestg.org\/index.php?rest_route=\/wp\/v2\/pages\/1396\/revisions\/3108"}],"wp:attachment":[{"href":"https:\/\/marianistestg.org\/index.php?rest_route=%2Fwp%2Fv2%2Fmedia&parent=1396"}],"wp:term":[{"taxonomy":"category","embeddable":true,"href":"https:\/\/marianistestg.org\/index.php?rest_route=%2Fwp%2Fv2%2Fcategories&post=1396"},{"taxonomy":"post_tag","embeddable":true,"href":"https:\/\/marianistestg.org\/index.php?rest_route=%2Fwp%2Fv2%2Ftags&post=1396"}],"curies":[{"name":"wp","href":"https:\/\/api.w.org\/{rel}","templated":true}]}}