{"id":1371,"date":"2018-12-31T19:30:20","date_gmt":"2018-12-31T19:30:20","guid":{"rendered":"http:\/\/marianistestg.org\/?page_id=1371"},"modified":"2020-08-26T21:32:04","modified_gmt":"2020-08-27T02:32:04","slug":"qui-sommes-nous","status":"publish","type":"page","link":"https:\/\/marianistestg.org\/?page_id=1371","title":{"rendered":"Qui Sommes-Nous ?"},"content":{"rendered":"\t\t<div data-elementor-type=\"wp-post\" data-elementor-id=\"1371\" class=\"elementor elementor-1371\">\n\t\t\t\t\t\t\t\t\t<section class=\"elementor-section elementor-top-section elementor-element elementor-element-7fe9262 elementor-section-boxed elementor-section-height-default elementor-section-height-default\" data-id=\"7fe9262\" data-element_type=\"section\">\n\t\t\t\t\t\t<div class=\"elementor-container elementor-column-gap-default\">\n\t\t\t\t\t<div class=\"elementor-column elementor-col-100 elementor-top-column elementor-element elementor-element-4d659cf\" data-id=\"4d659cf\" data-element_type=\"column\">\n\t\t\t<div class=\"elementor-widget-wrap elementor-element-populated\">\n\t\t\t\t\t\t\t\t<div class=\"elementor-element elementor-element-0d70e47 elementor-widget elementor-widget-image\" data-id=\"0d70e47\" data-element_type=\"widget\" data-widget_type=\"image.default\">\n\t\t\t\t<div class=\"elementor-widget-container\">\n\t\t\t\t\t\t\t\t\t\t\t\t\t\t\t<img width=\"145\" height=\"220\" src=\"https:\/\/marianistestg.org\/wp-content\/uploads\/2019\/11\/sm_cross.jpg\" class=\"attachment-large size-large wp-image-3113\" alt=\"\" loading=\"lazy\" \/>\t\t\t\t\t\t\t\t\t\t\t\t\t\t\t<\/div>\n\t\t\t\t<\/div>\n\t\t\t\t\t<\/div>\n\t\t<\/div>\n\t\t\t\t\t\t\t<\/div>\n\t\t<\/section>\n\t\t\t\t<section class=\"elementor-section elementor-top-section elementor-element elementor-element-001e810 elementor-section-boxed elementor-section-height-default elementor-section-height-default\" data-id=\"001e810\" data-element_type=\"section\">\n\t\t\t\t\t\t<div class=\"elementor-container elementor-column-gap-default\">\n\t\t\t\t\t<div class=\"elementor-column elementor-col-100 elementor-top-column elementor-element elementor-element-63fcdea\" data-id=\"63fcdea\" data-element_type=\"column\">\n\t\t\t<div class=\"elementor-widget-wrap elementor-element-populated\">\n\t\t\t\t\t\t\t\t<div class=\"elementor-element elementor-element-15a7697 elementor-widget elementor-widget-heading\" data-id=\"15a7697\" data-element_type=\"widget\" data-widget_type=\"heading.default\">\n\t\t\t\t<div class=\"elementor-widget-container\">\n\t\t\t<h2 class=\"elementor-heading-title elementor-size-medium\">Qu'est la Soci\u00e9t\u00e9 de Marie?<\/h2>\t\t<\/div>\n\t\t\t\t<\/div>\n\t\t\t\t\t<\/div>\n\t\t<\/div>\n\t\t\t\t\t\t\t<\/div>\n\t\t<\/section>\n\t\t\t\t<section class=\"elementor-section elementor-top-section elementor-element elementor-element-f7d9052 elementor-section-boxed elementor-section-height-default elementor-section-height-default\" data-id=\"f7d9052\" data-element_type=\"section\">\n\t\t\t\t\t\t<div class=\"elementor-container elementor-column-gap-default\">\n\t\t\t\t\t<div class=\"elementor-column elementor-col-100 elementor-top-column elementor-element elementor-element-d5be118\" data-id=\"d5be118\" data-element_type=\"column\">\n\t\t\t<div class=\"elementor-widget-wrap elementor-element-populated\">\n\t\t\t\t\t\t\t\t<div class=\"elementor-element elementor-element-8b43400 elementor-widget elementor-widget-text-editor\" data-id=\"8b43400\" data-element_type=\"widget\" data-widget_type=\"text-editor.default\">\n\t\t\t\t<div class=\"elementor-widget-container\">\n\t\t\t\t\t\t\t<p>La Soci\u00e9t\u00e9 de Marie (<strong>Fr\u00e8res Marianistes<\/strong>) est une congr\u00e9gation au sein de l&#8217;<strong>Eglise Catholique<\/strong> Romaine, de droit pontifical. Nous sommes des hommes vivant en <strong>communaut\u00e9<\/strong> o\u00f9 de par notre vie, nous rendons t\u00e9moignage des conseils \u00e9vang\u00e9liques et du Royaume de Dieu.<\/p>\t\t\t\t\t\t<\/div>\n\t\t\t\t<\/div>\n\t\t\t\t\t<\/div>\n\t\t<\/div>\n\t\t\t\t\t\t\t<\/div>\n\t\t<\/section>\n\t\t\t\t<section class=\"elementor-section elementor-top-section elementor-element elementor-element-060fd8f elementor-section-boxed elementor-section-height-default elementor-section-height-default\" data-id=\"060fd8f\" data-element_type=\"section\">\n\t\t\t\t\t\t<div class=\"elementor-container elementor-column-gap-default\">\n\t\t\t\t\t<div class=\"elementor-column elementor-col-100 elementor-top-column elementor-element elementor-element-a190eb4\" data-id=\"a190eb4\" data-element_type=\"column\">\n\t\t\t<div class=\"elementor-widget-wrap elementor-element-populated\">\n\t\t\t\t\t\t\t\t<div class=\"elementor-element elementor-element-c2a0bf2 elementor-widget elementor-widget-heading\" data-id=\"c2a0bf2\" data-element_type=\"widget\" data-widget_type=\"heading.default\">\n\t\t\t\t<div class=\"elementor-widget-container\">\n\t\t\t<h2 class=\"elementor-heading-title elementor-size-medium\">Quel est le sens de notre engagement?<\/h2>\t\t<\/div>\n\t\t\t\t<\/div>\n\t\t\t\t\t<\/div>\n\t\t<\/div>\n\t\t\t\t\t\t\t<\/div>\n\t\t<\/section>\n\t\t\t\t<section class=\"elementor-section elementor-top-section elementor-element elementor-element-d83d17b elementor-section-boxed elementor-section-height-default elementor-section-height-default\" data-id=\"d83d17b\" data-element_type=\"section\">\n\t\t\t\t\t\t<div class=\"elementor-container elementor-column-gap-default\">\n\t\t\t\t\t<div class=\"elementor-column elementor-col-100 elementor-top-column elementor-element elementor-element-bc09de6\" data-id=\"bc09de6\" data-element_type=\"column\">\n\t\t\t<div class=\"elementor-widget-wrap elementor-element-populated\">\n\t\t\t\t\t\t\t\t<div class=\"elementor-element elementor-element-c5152d9 elementor-widget elementor-widget-text-editor\" data-id=\"c5152d9\" data-element_type=\"widget\" data-widget_type=\"text-editor.default\">\n\t\t\t\t<div class=\"elementor-widget-container\">\n\t\t\t\t\t\t\t<p>Notre vocation prend sa source et sa pl\u00e9nitude en <strong>Christ<\/strong>. Nous nous engageons \u00e0 sa suite en professant publiquement les voeux de religion.<\/p><p>Par le voeux de <strong>chastet\u00e9<\/strong> nous vivons une vie de c\u00e9libat, lib\u00e9r\u00e9s de toute contrainte familiale en vue d&#8217;un d\u00e9vouement total \u00e0 la mission.<\/p><p>Par le voeux de <strong>pauvret\u00e9<\/strong> nous optons pour un style de vie de simplicit\u00e9, reconnaissant la valeur des biens mat\u00e9riels et partageant nos ressources avec les personnes les plus d\u00e9munies.<\/p><p>Par le voeux d&#8217;<strong>ob\u00e9issance<\/strong> nous soumettons notre volont\u00e9 au Seigneur par le biais des besoins et demandes de la communaut\u00e9.<\/p>\t\t\t\t\t\t<\/div>\n\t\t\t\t<\/div>\n\t\t\t\t\t<\/div>\n\t\t<\/div>\n\t\t\t\t\t\t\t<\/div>\n\t\t<\/section>\n\t\t\t\t<section class=\"elementor-section elementor-top-section elementor-element elementor-element-7aff4be elementor-section-boxed elementor-section-height-default elementor-section-height-default\" data-id=\"7aff4be\" data-element_type=\"section\">\n\t\t\t\t\t\t<div class=\"elementor-container elementor-column-gap-default\">\n\t\t\t\t\t<div class=\"elementor-column elementor-col-100 elementor-top-column elementor-element elementor-element-ffbab35\" data-id=\"ffbab35\" data-element_type=\"column\">\n\t\t\t<div class=\"elementor-widget-wrap elementor-element-populated\">\n\t\t\t\t\t\t\t\t<div class=\"elementor-element elementor-element-32e6f51 elementor-widget elementor-widget-heading\" data-id=\"32e6f51\" data-element_type=\"widget\" data-widget_type=\"heading.default\">\n\t\t\t\t<div class=\"elementor-widget-container\">\n\t\t\t<h2 class=\"elementor-heading-title elementor-size-medium\">Le Religieux Marianiste est-il la\u00efc ou pr\u00eatre?<\/h2>\t\t<\/div>\n\t\t\t\t<\/div>\n\t\t\t\t\t<\/div>\n\t\t<\/div>\n\t\t\t\t\t\t\t<\/div>\n\t\t<\/section>\n\t\t\t\t<section class=\"elementor-section elementor-top-section elementor-element elementor-element-9fdca7b elementor-section-boxed elementor-section-height-default elementor-section-height-default\" data-id=\"9fdca7b\" data-element_type=\"section\">\n\t\t\t\t\t\t<div class=\"elementor-container elementor-column-gap-default\">\n\t\t\t\t\t<div class=\"elementor-column elementor-col-100 elementor-top-column elementor-element elementor-element-e02c913\" data-id=\"e02c913\" data-element_type=\"column\">\n\t\t\t<div class=\"elementor-widget-wrap elementor-element-populated\">\n\t\t\t\t\t\t\t\t<div class=\"elementor-element elementor-element-b1b9d85 elementor-widget elementor-widget-text-editor\" data-id=\"b1b9d85\" data-element_type=\"widget\" data-widget_type=\"text-editor.default\">\n\t\t\t\t<div class=\"elementor-widget-container\">\n\t\t\t\t\t\t\t<p>La communaut\u00e9 marianiste est <strong>mixte<\/strong>, o\u00f9 la\u00efcs et pr\u00eatres vivent <strong>ensemble<\/strong> avec les m\u00eames <strong>droits<\/strong> et m\u00eames<strong> devoirs<\/strong>. Nous participons tous \u00e0 une mission commune, chacun selon son \u00e9tat de vie. Nous avons comme signe distinctif commun le port de la croix marianiste figur\u00e9e plus haut.<\/p>\t\t\t\t\t\t<\/div>\n\t\t\t\t<\/div>\n\t\t\t\t\t<\/div>\n\t\t<\/div>\n\t\t\t\t\t\t\t<\/div>\n\t\t<\/section>\n\t\t\t\t<section class=\"elementor-section elementor-top-section elementor-element elementor-element-bbeae37 elementor-section-boxed elementor-section-height-default elementor-section-height-default\" data-id=\"bbeae37\" data-element_type=\"section\">\n\t\t\t\t\t\t<div class=\"elementor-container elementor-column-gap-default\">\n\t\t\t\t\t<div class=\"elementor-column elementor-col-100 elementor-top-column elementor-element elementor-element-0e62fa4\" data-id=\"0e62fa4\" data-element_type=\"column\">\n\t\t\t<div class=\"elementor-widget-wrap elementor-element-populated\">\n\t\t\t\t\t\t\t\t<div class=\"elementor-element elementor-element-fcb2ee4 elementor-widget elementor-widget-heading\" data-id=\"fcb2ee4\" data-element_type=\"widget\" data-widget_type=\"heading.default\">\n\t\t\t\t<div class=\"elementor-widget-container\">\n\t\t\t<h2 class=\"elementor-heading-title elementor-size-medium\">Quelle est la diff\u00e9rence entre le Religieux Marianiste et les autres Religieux dans l'Eglise?<\/h2>\t\t<\/div>\n\t\t\t\t<\/div>\n\t\t\t\t\t<\/div>\n\t\t<\/div>\n\t\t\t\t\t\t\t<\/div>\n\t\t<\/section>\n\t\t\t\t<section class=\"elementor-section elementor-top-section elementor-element elementor-element-ea5a0e7 elementor-section-boxed elementor-section-height-default elementor-section-height-default\" data-id=\"ea5a0e7\" data-element_type=\"section\">\n\t\t\t\t\t\t<div class=\"elementor-container elementor-column-gap-default\">\n\t\t\t\t\t<div class=\"elementor-column elementor-col-100 elementor-top-column elementor-element elementor-element-18ff00d\" data-id=\"18ff00d\" data-element_type=\"column\">\n\t\t\t<div class=\"elementor-widget-wrap elementor-element-populated\">\n\t\t\t\t\t\t\t\t<div class=\"elementor-element elementor-element-673a6eb elementor-widget elementor-widget-text-editor\" data-id=\"673a6eb\" data-element_type=\"widget\" data-widget_type=\"text-editor.default\">\n\t\t\t\t<div class=\"elementor-widget-container\">\n\t\t\t\t\t\t\t<p>Les Religieux Marianistes ont pour mod\u00e8le la <strong>Vierge Marie<\/strong>. Par sa vie de <strong>simplicit\u00e9<\/strong>, de <strong>pri\u00e8re<\/strong> et de <strong>don de soi<\/strong> \u00e0 Dieu, elle nous inspire dans notre vie et dans notre mission et nous rappelle que l&#8217;Evangile peut \u00eatre v\u00e9cu dans toute sa rigueur.<\/p>\t\t\t\t\t\t<\/div>\n\t\t\t\t<\/div>\n\t\t\t\t\t<\/div>\n\t\t<\/div>\n\t\t\t\t\t\t\t<\/div>\n\t\t<\/section>\n\t\t\t\t\t\t\t<\/div>\n\t\t","protected":false},"excerpt":{"rendered":"<div class=\"mh-excerpt\"><p>Qu&#8217;est la Soci\u00e9t\u00e9 de Marie? La Soci\u00e9t\u00e9 de Marie (Fr\u00e8res Marianistes) est une congr\u00e9gation au sein de l&#8217;Eglise Catholique Romaine, de droit pontifical. Nous sommes <a class=\"mh-excerpt-more\" href=\"https:\/\/marianistestg.org\/?page_id=1371\" title=\"Qui Sommes-Nous ?\">[&#8230;]<\/a><\/p>\n<\/div>","protected":false},"author":1,"featured_media":0,"parent":0,"menu_order":0,"comment_status":"closed","ping_status":"closed","template":"","meta":[],"categories":[4],"tags":[],"_links":{"self":[{"href":"https:\/\/marianistestg.org\/index.php?rest_route=\/wp\/v2\/pages\/1371"}],"collection":[{"href":"https:\/\/marianistestg.org\/index.php?rest_route=\/wp\/v2\/pages"}],"about":[{"href":"https:\/\/marianistestg.org\/index.php?rest_route=\/wp\/v2\/types\/page"}],"author":[{"embeddable":true,"href":"https:\/\/marianistestg.org\/index.php?rest_route=\/wp\/v2\/users\/1"}],"replies":[{"embeddable":true,"href":"https:\/\/marianistestg.org\/index.php?rest_route=%2Fwp%2Fv2%2Fcomments&post=1371"}],"version-history":[{"count":28,"href":"https:\/\/marianistestg.org\/index.php?rest_route=\/wp\/v2\/pages\/1371\/revisions"}],"predecessor-version":[{"id":3890,"href":"https:\/\/marianistestg.org\/index.php?rest_route=\/wp\/v2\/pages\/1371\/revisions\/3890"}],"wp:attachment":[{"href":"https:\/\/marianistestg.org\/index.php?rest_route=%2Fwp%2Fv2%2Fmedia&parent=1371"}],"wp:term":[{"taxonomy":"category","embeddable":true,"href":"https:\/\/marianistestg.org\/index.php?rest_route=%2Fwp%2Fv2%2Fcategories&post=1371"},{"taxonomy":"post_tag","embeddable":true,"href":"https:\/\/marianistestg.org\/index.php?rest_route=%2Fwp%2Fv2%2Ftags&post=1371"}],"curies":[{"name":"wp","href":"https:\/\/api.w.org\/{rel}","templated":true}]}}